(g) be the second derivative of -g**5/20 + 2*g**4/3 + 7*g**3/3 - 5*g**2 - 17*g. Is c(u) a prime number?
False
Suppose -2*n = 5*d - 10, 4*n - 3*n = -5*d + 5. Suppose -4*w + 5*c - 175 + 2319 = 0, -c + 4 = d. Is w a prime number?
True
Suppose -3*i = i, -5*t + 2*i = 55. Let d = -9 - t. Is (-10)/5*(-69)/d a prime number?
False
Is (-14)/21*-6 - -11859 prime?
True
Let v(y) be the second derivative of 19*y**3/2 - 4*y**2 + 2*y + 57. Let b be 2/(-8) - 21/(-4). Is v(b) a prime number?
True
Let c be 4 + (4 - 3)*-2. Suppose p = -4, p = -c*l - 27 + 171. Is l a prime number?
False
Let j(k) = -259*k + 234*k + 2*k**2 - 13 + k**2. Is j(22) a composite number?
True
Suppose -15 = -122*g + 117*g. Suppose -232 + 1783 = g*h. Is h composite?
True
Let q(m) = 5 + 55*m - 2 + 1 - 211*m. Let v be q(-2). Suppose 103 = z - v. Is z a prime number?
True
Suppose 2*a = 21962 + 25884. Is a composite?
True
Suppose -10*f = -6*f + 16. Is 5442/f*4/(-6) a prime number?
True
Suppose 0 = -4*n + n + 42. Suppose -t + 3855 = n*t. Is t a composite number?
False
Let g be (-1)/(((-3 + 0)/267)/5). Suppose 2*c - 5*m - 178 = 0, -m - g = -c - 4*c. Is c a prime number?
True
Let i(a) = 86*a + 21. Let l be (-10)/35 - (158/14)/(-1). Is i(l) prime?
True
Let l = 15 + -4. Suppose 5*a = 36 - l. Suppose a*c = c + 804. Is c a prime number?
False
Let u(m) = 62*m**2 + 41*m + 28. Is u(-19) composite?
True
Suppose 21 = -2*p + 13. Let k(r) = -35*r**3 - 4*r**2 + 8*r + 9. Is k(p) composite?
False
Let h be (237/3)/((-26)/9 + 3). Suppose l + 2*x - 2414 = -h, 4*x = 3*l - 5139. Is l a composite number?
False
Let v(j) = j**3 + j**2 + j. Let c(x) = -5*x**3 - 4*x**2 - 10*x - 3. Let n(p) = c(p) + 6*v(p). Let g be n(-3). Let k(s) = s + 53. Is k(g) a prime number?
True
Let w = -1659 + 5452. Is w prime?
True
Suppose -5*n + 4*y = 2 + 3, 5*y = -4*n + 37. Is (n + -2)*(-3 - -182) prime?
True
Let z = -75 - -81. Let g = -2 + 1. Is ((-15)/z)/(g/94) a prime number?
False
Suppose -2*l + 4*l = 4168. Suppose l = 6*s + 62. Is s prime?
True
Suppose -20 = 14*a - 19*a. Suppose 5*v - 6673 = -5*t + v, 2662 = 2*t + a*v. Is t composite?
True
Let v(j) = -j**3 + 8*j**2 + 10. Suppose 3*w - 27 = 3*n, -2*n + 21 = 3*w + 4. Is v(w) composite?
False
Let p(a) = 6*a + 0*a + a**3 - 9*a - a - 18. Let t be p(10). Suppose -3*x = -9*x + t. Is x a composite number?
False
Let w(x) be the first derivative of 3*x**4/4 - 5*x**3/3 + 2*x**2 - 5*x + 9. Is w(7) a composite number?
True
Let n = 29448 + -16879. Is n a composite number?
False
Let n(g) = -2*g**3 - g**2 - 4*g - 19. Let u(k) = -4*k**3 - 2*k**2 - 8*k - 39. Let d(c) = 7*n(c) - 3*u(c). Is d(-11) a prime number?
False
Suppose -2*z + 9 = l + z, 0 = -l + z + 1. Suppose h - 3*d = -h + 2, 5*h + l*d = -16. Is -465*(-1 + h/(-3)) a prime number?
False
Is ((-2962)/4)/(-6 + (-66)/(-12)) a prime number?
True
Let x be (-8)/(3 + 1) - -2. Suppose 0*b + 3*d = -5*b + 57, x = -5*d - 5. Suppose 8*f + 308 = b*f. Is f a prime number?
False
Let t = -409 - -896. Is t a composite number?
False
Let b(f) = 2*f**2 + 131. Let i(n) = 8*n**2 + n + 524. Let s(d) = 9*b(d) - 2*i(d). Is s(0) prime?
True
Let j = -1791 - -3052. Is j prime?
False
Let f = 2 - -1. Suppose h - f*h + 12 = 0. Let z(m) = 3*m**3 - 7*m**2 + 2*m - 1. Is z(h) prime?
False
Let n = 11766 - 6331. Is n prime?
False
Suppose 89*u = 90*u - 2839. Is u prime?
False
Suppose 3*b - 3315 = a, -3*b + 425 = -5*a - 2878. Suppose 2*s = -0*s + b. Is s a prime number?
False
Let o(y) be the third derivative of 7*y**6/360 - y**5/40 + 7*y**4/8 + y**3 + 6*y**2. Let x(j) be the first derivative of o(j). Is x(13) a composite number?
True
Let a(o) = o**2 + 25*o + 61. Is a(35) a composite number?
False
Let g(p) = 1524*p + 11. Suppose -4*l - 3 = x - 12, -5*x - 2*l + 9 = 0. Is g(x) a composite number?
True
Let v(c) = -302*c - 175. Is v(-6) a prime number?
True
Let c(v) = -12*v - 3 + 9 + 67*v. Let s = -596 + 603. Is c(s) prime?
False
Suppose 0 = -2*n - 0*n, 0 = h - 5*n - 9. Let f(g) = 1 + 7*g**2 + h*g**2 + 2 - 6*g - 6*g**2. Is f(4) composite?
False
Let u be (5/3)/(2/6). Suppose -2*w = -w - u*z + 82, -3*w + 2*z - 233 = 0. Is (1 - 1 - w)*1 prime?
False
Suppose -24976 = -2*q + 12346. Is q a composite number?
False
Let p be (-198096)/(-9) + -4 - 12/(-9). Is 6/4*-2 - p/(-12) composite?
False
Suppose -2*s - 6 = 2, n = -4*s + 2925. Is n composite?
True
Let z = 5 + 2. Suppose 2*t + z = 3*t. Let w = 16 + t. Is w a prime number?
True
Let w(x) = -2977*x - 194. Is w(-3) a composite number?
False
Suppose w = 2569 + 5238. Is w a prime number?
False
Let a = 6364 - -17529. Is a a prime number?
True
Suppose -2*m + 2 = -4*h, 3*h + 10 = -2*m - 2. Let z = 7 + m. Suppose 4*k + 0*k + z*a = 1688, 2*k = -5*a + 853. Is k composite?
False
Let g(t) = 185*t**2 + 32*t + 5. Is g(-4) composite?
False
Let d(z) = 2*z**2 - 14*z + 15. Let g be d(6). Suppose 5*y - 1864 = -g*y. Is y a composite number?
False
Suppose 0*b + 3 = b. Suppose 4*m + 5*v = 2*m + 27, -2*m = b*v - 37. Suppose -5*a = -3*z + 77, -2*z + 5*a + 84 = m. Is z prime?
True
Suppose -m + 5*w + 1762 = 0, 3*m - 3*w + 912 = 6234. Is m composite?
False
Let i be 4/14 - (-824)/56. Let n be i/(-9)*(1 - 4). Suppose 36 = -n*y + 431. Is y prime?
True
Let j = 10 - 8. Suppose -j*v - 1172 = -6*v. Let f = -42 + v. Is f a prime number?
True
Let x = 2408 + 1769. Is x composite?
False
Suppose -63*m = -58*m - 445. Is m a prime number?
True
Let c = -96710 + 154815. Is c a prime number?
False
Let y(k) = -77*k - 4. Let l(s) = -309*s - 15. Let r(q) = -2*l(q) + 9*y(q). Let o be r(-5). Suppose 6*x - o = -51. Is x prime?
True
Suppose -6*r = -2*r. Suppose -2*y = y - 5*x - 5, -2*y - 5*x + 20 = r. Suppose 1075 = 10*m - y*m. Is m prime?
False
Suppose 0 = -r + 5*g - 5 - 4, 0 = 4*r - g - 21. Suppose -4*y + 76 = -r*y. Let q = 165 - y. Is q prime?
False
Let v(t) = -t**3 - 15*t**2 + 14*t - 19. Suppose -2*w = -4*w - 32. Let k be v(w). Let m(o) = 2*o**2 - 15*o + 14. Is m(k) a composite number?
False
Suppose 19 = -4*f + 3. Let u = f - -7. Suppose -11 = o + u*k - 76, o - 65 = 5*k. Is o prime?
False
Let v = -12 - 18. Is 51785/v*-2 + 6/9 a composite number?
True
Let h be (14 - 9)/(2 + -1). Suppose 2*m - 7 = -4*z + 143, 4*z + h*m = 147. Is z composite?
True
Let z(h) = h**3 - 2*h**2 - 7. Let v be z(3). Let j be -1 + (3 - 0) + -2. Suppose 4*l + v*a - 28 = j, 2*l - 5*a = -2*a + 6. Is l a composite number?
True
Suppose z - 4*x + 1385 = 4*z, -5*x + 2315 = 5*z. Suppose 2*m = -y + 1, -5*y + 1 - 14 = 4*m. Suppose 0 = -3*k + 2*v + z, m*k = -2*v + 671 - 184. Is k composite?
True
Let y(g) = -287*g - 5. Let k(c) = 191*c + 3. Let b(u) = 8*k(u) + 5*y(u). Is b(3) prime?
False
Suppose 2*f - 7*f = -2885. Let w = 5666 - f. Is w composite?
True
Suppose 4*v + 16 = -5*f, -2*v = -v + 3*f + 4. Is -1*(3 - (416 + v)) composite?
False
Let i(w) = -820*w - 57. Is i(-4) a composite number?
True
Suppose 124*s - 19*s - 914655 = 0. Is s composite?
True
Suppose -4*h + 6 = -2*h. Is 399/7 + (h - 1) a composite number?
False
Let a be -1*(1*-1 + 220). Suppose 34*o + s - 12 = 39*o, -2 = -3*o - 4*s. Let w = o - a. Is w a prime number?
False
Let p(y) = -6*y**2 - 7*y - 3. Let f(z) = 7*z**2 + 6*z + 3. Let g(s) = -5*f(s) - 6*p(s). Let u = -16 + 2. Is g(u) prime?
True
Suppose -4*c + 3*t - 6 = 0, -2*t = -c + t - 6. Suppose c = -7*w + 10*w - 318. Is w a prime number?
False
Let l(i) = -29*i + 2. Let y(z) = -z - 17. Let a be y(-13). Is l(a) a prime number?
False
Let s(l) = l**2 - 5*l - 19. Let d be s(8). Suppose b - 148 = r, -5*r + 404 = -2*b + d*b. Is b a composite number?
True
Let i = 1617 + 5580. Suppose -2*n + 1474 = -a - 1403, -5*n - 2*a + i = 0. Is n prime?
True
Let f(w) = -w**3 - 7*w**2 - 16*w + 25. Is f(-8) a prime number?
False
Suppose t = 5*m - 19689, 2*m - 1556 = -4*t + 6302. Is m a composite number?
True
Suppose 4*r - o = 2*o - 429, 0 = 5*o - 15. Let k = -54 - r. Is k a composite number?
True
Let w = 2968 - 1441. Is w composite?
True
Is 2 - -110 - (12 - 3)/(-3) a composite number?
True
Let m be (47/5)/(12/60). Suppose 4*k - m = -s, 4*s - 10 = -5*k + 35. Suppose k = d - 12. Is d prime?
False
Let g(j) = 3*j**2 - 2*j + 5. Let a be g(4). Is a - (0 + (-4 - -3)) a composite number?
True
Suppose 123*x = 126*x + 168. Is x/224*1/((-2)/3352) prime?
True
Let d = -6441 + 16342. Is d composite?
False
Let j = 42005 - 19954. Is j a composite number?
False
I